 What is h(-7)?
-40
Let v(j) = 7*j - 91. Suppose -29*a = 47*a - 10*a - 264. What is v(a)?
-63
Let d(y) be the third derivative of -185*y**2 + 0 - 7/6*y**3 + 0*y - 1/24*y**4. Let i be 72/(-7) - (-6)/21. Calculate d(i).
3
Let w be (5/2)/((5/20)/(4/8)). Let r(a) be the second derivative of -a + 0 - 1/3*a**3 + 1/12*a**4 - a**2. Give r(w).
13
Let r be ((-4)/6)/(1 + 20/(-24)). Let p be r/(-12)*0 - -4. Suppose -3*y = -5*j - 37, -p*y - y = 3*j - 5. Let s(x) = x**2 - 6*x + 5. Determine s(y).
-3
Let h(u) = 198179*u + 0*u**3 - 198169*u + u**3 + 8 + 7*u**2. Let y = 18 - 24. What is h(y)?
-16
Let y(r) = -r**2 + 3*r + 4. Let k be 2/8 + 14/8. Let l = -4044 - -4046. Suppose 2*j = -l*n + 12, n + k*j = 3*j. Give y(n).
4
Let z(j) = -j**2 - 10*j - 7. Let p(i) = -6*i**2 - 34*i + 8. Let x be p(-6). Let m be (-2)/x*(138 + -10)/(-8). Calculate z(m).
9
Suppose -3*g = -9, 7*g = -r + 9*g - 3. Let s(q) = -q**2 + q**r + 189 - 95 - 94 - q. Let n be (-2)/(-2) + (-1 - -1). What is s(n)?
-1
Let g(b) be the first derivative of 7/2*b**2 + 5/3*b**3 + 6*b - 1/4*b**4 - 71. Suppose 0*l - 3*l + 18 = 0. Give g(l).
12
Let l be (-1*(-10)/(-5))/((-1)/4). Let c(w) = -w + 14. Let a be c(l). Let m(p) = -3*p + a - 2 - 11. What is m(-7)?
14
Let f(c) = c**3 + 6*c**2 + 5. Let p be -2 - -5 - (2 - 0 - 53). Let v = p - 54. Suppose v = 44*l - 40*l + 20. What is f(l)?
30
Let v(p) = p**3 + 24*p**2 + 24*p + 24. Let z(b) = 188*b - 963. Let s be z(5). What is v(s)?
1
Let h(k) = -k**2 - 12*k + 2. Let f = 2150 - 2161. Determine h(f).
13
Let b(o) = 2*o + 0*o + 1 - 4 - 5*o. Let k(y) = y**2 - 10*y - 115. Let w = 100 + -107. Let g be k(w). Give b(g).
-15
Suppose 4*p - 2 - 6 = 4*t, -2*p - t = -4. Let o(l) = -6*l**2 + 3*l**2 + 4*l**2 + 4*l + 0*l**p + 0*l. What is o(-6)?
12
Let a(x) = -2*x - 12. Suppose 0 = -0*r + 4*r - 2*w, 16 = -2*r + 5*w. Let h(d) = -4*d**2 + 5*d + 16 + 3*d**r - 18. Let j be h(6). What is a(j)?
4
Let r be (-1)/((2/(-36))/(3/(-6))). Let x(s) = 73116 + 2*s - s + 9*s**2 + s**3 - 73110. Calculate x(r).
-3
Let w be (-1)/((-8)/10 + (-165)/(-175)). Let v(i) = -i**3 - 10*i**2 - 7*i + 23. Give v(w).
-75
Let x(b) = -b**3 + 5*b**2 + 26*b - 13. Let t be (22/7)/((-8)/(-28)) + -3. Let d be x(t). Let k(f) = 2*f**3 - 3*f**2 + 3*f - 2. Calculate k(d).
34
Let o = 11 + -20. Let r(h) = -10*h + 105. Let p(u) = 2*u - 19. Let i(x) = 16*p(x) + 3*r(x). Give i(o).
-7
Let w(r) = -r**2 + 20*r - 34. Let a be w(18). Suppose -3*v - 31 = -a*v - 5*l, -3*v - 3*l = 3. Let k = 13 + v. Let s(p) = p - 4. Calculate s(k).
3
Let n(s) be the second derivative of s**4/6 + 11*s**3/6 + 7*s**2/2 - 3*s + 40. Give n(-4).
-5
Suppose -2157 = -365*n + 33. Let t(j) = 15*j - 71. What is t(n)?
19
Suppose -168 = -5*g - 148. Let j(q) = -10*q**2 - 6 - 3*q + 7*q**2 + 1. Let o(m) = -7*m**2 - 5*m - 10. Let z(x) = g*o(x) - 9*j(x). Calculate z(7).
5
Let q be 3*((-8)/16 - (-9)/(-6)). Let y(c) = -c**2 - 2*c + 18. Determine y(q).
-6
Let l(t) = -2*t - 1. Let r be l(-2). Let w(i) = -r + 5 - 2 - 1 + 2*i**2. Suppose -2*p = p - o - 6, p - 2*o = 7. What is w(p)?
1
Let c(g) = g - 12. Let q = -3 - -4. Let r be (32/(-12) - q)*3. Let u(o) = -2*o**3 - 23*o**2 - 12*o - 3. Let h be u(r). Determine c(h).
-4
Suppose -4*u - 22 = -q, 3*q = 5*u - 3*u + 16. Suppose -o + 2*p - 10 = 0, -2*o = 2*p - 0 + q. Let v = o + 6. Let l(s) = -s**2 + 4*s - 2. What is l(v)?
2
Let v(b) = 260 + 477 + 4*b - 855. Determine v(26).
-14
Suppose 11 + 21 = 8*y. Suppose 4*l - 7 = 3*j, 0 = l - y*j - 3 - 2. Let d(k) = k**3 - l + 4 - 17*k - 4*k**2 + 2 + 11*k. Calculate d(5).
0
Let x(k) be the third derivative of 11*k**6/720 - k**5/30 + 4*k**4/3 - 66*k**2. Let p(r) be the second derivative of x(r). Give p(2).
18
Suppose -5*r + 36 - 41 = 0. Let x(p) = -1 - 2 + 3 + 2. Let q(h) = -h + 1. Let t(y) = -3*q(y) + 2*x(y). Determine t(r).
-2
Let o be (-1*(1 - -13))/(-2). Let t(m) be the second derivative of 1/2*m**2 + m - 1/2*m**4 + 30 + 1/20*m**5 - 7/6*m**3. Give t(o).
1
Suppose -2*w = 7 - 19. Suppose 0 = 3*h - 2*y - 15, -y + 4 - 14 = -2*h. Let c(l) = 24 - 14 + l - h - 9. Give c(w).
2
Let p(x) = 2*x**3 - 5*x**2 - 13*x + 183. Let j(n) = n**3 - 2*n**2 - 6*n + 80. Let k(c) = 9*j(c) - 4*p(c). Determine k(-3).
-15
Let q = 335 + -331. Suppose 5*k + 5 = -3*v - q, k - 12 = 4*v. Let t(x) = -x**2 - x + 6. Give t(k).
6
Suppose 5*o - 19*o + 392 = 0. Suppose 10*i - o = 6*i. Let b(v) be the second derivative of -v**3/6 + 5*v**2 + 4*v. Calculate b(i).
3
Let s(g) = -g**2 - 28*g - 9. Let d(r) = -3*r**2 - 59*r - 20. Let q(l) = 2*d(l) - 5*s(l). Determine q(12).
125
Let c be (140/(-50) + 3)*15/36. Let t(q) be the second derivative of q**3 + c*q**4 - 7*q + 0 + 1/2*q**2. Give t(-4).
-7
Let n(i) = -212 - 3*i + 441 + 0*i - 218 + 5*i. Calculate n(-7).
-3
Let v(k) = k**3 - 11*k**2 - 13*k + 18. Let x = 188 + -184. Let f(z) = 17*z - 56. Let d be f(x). Give v(d).
6
Suppose -245 = -46*p + 77. Suppose 20 = -5*g - 0. Let m(k) = -k**2 + 1. Let q(v) = -5*v**2 + 9*v - 4. Let b(d) = g*m(d) + q(d). What is b(p)?
6
Let y(g) = 68*g + 14 - 187*g + 60*g + 54*g - 2*g**2. Determine y(-7).
-49
Let j be 1312/3*(-59 - -62). Let b(a) = -j + 649 + 653 + 3*a. Determine b(7).
11
Let w(q) be the third derivative of q**4/24 - q**3/6 - 2*q**2. Let o(t) = -7*t - 7. Let s(y) = -o(y) - 4*w(y). Suppose -25*u - 137 + 21 = 134. Determine s(u).
-19
Let d(h) = -h + 4. Let s(i) = 3*i + 20. Let q(x) = -d(x) - s(x). What is q(-9)?
-6
Let q(l) = l**3 + 4*l**2 - 3*l + 16. Let s be (-1)/(-25)*10*10. Let p be -2*(7 + (-6)/(-2))/s. What is q(p)?
6
Let t(b) be the first derivative of 1/2*b**3 - 1/60*b**6 + 0*b - 1/20*b**5 - 9*b**2 + 1/24*b**4 + 7. Let c(z) be the second derivative of t(z). Give c(-3).
27
Let p be (27 + -33)*-1*2/4. Suppose 8*g + p*q - 1 = 4*g, -5*q = -g - 17. Let t(h) = h**2 + 2*h + 2. Determine t(g).
2
Suppose -5*n = 25, -5*n + 85 + 1176 = -2*q. Let c = -645 - q. Let v(w) be the third derivative of w**6/120 + w**5/60 - w**4/12 - w**3/6 - w**2. Calculate v(c).
-1
Let x be (4/10)/(-8*26/520). Let p(r) = 13*r - 10. Calculate p(x).
-23
Let v = -1 - -359. Let o(z) = 366*z - z**2 - 8 - v*z + 1. Determine o(8).
-7
Let a(n) = -6 + 198*n**3 - 2*n - 393*n**3 - 6*n + 9*n**2 + 3*n + 196*n**3. Determine a(-9).
39
Let n(r) = -4*r - 2. Let x(i) = 4*i + 95 + 3*i - 92. Let q(f) = 5*n(f) + 2*x(f). Calculate q(-4).
20
Let n(k) = -5*k**2 + 34*k + 20. Let p(g) = -8*g**2 + 59*g + 35. Let f(v) = 7*n(v) - 4*p(v). Let m = 1 + 1. Give f(m).
-8
Let n(j) = -7 + 3 + 6 + j**3 + 8*j**2 + j. Suppose -32*d + 34*d = 8. Suppose 3*f = -d*c - 0*f - 32, -24 = 3*c - 3*f. Give n(c).
-6
Let r(a) be the first derivative of -a**3/3 + 5*a**2/2 + 41*a + 2438. Give r(-4).
5
Let h(q) be the second derivative of -5*q**3/3 - 87*q**2/2 - 322*q - 1. What is h(-12)?
33
Let c(v) = -v - 46. Let i(h) = -3 + 10 + 2. Let d(l) = -2*c(l) - 11*i(l). Let m = 318 - 313. Give d(m).
3
Let t be (10/6)/((-9)/(-27)). Let h = -97 + 99. Let j(b) = -12*b**3 - 2 + 4*b**2 + b**h + 11*b**3 - b. Determine j(t).
-7
Suppose -2*h = -13*h - 22. Let r(w) = -3*w**2 + 6*w + 7. Let p(k) = k**2 - 3*k - 3. Let l = -28 - -21. Let o(t) = l*p(t) - 3*r(t). Determine o(h).
2
Let v be 7/1*78/(-91). Let s(x) = 0 + 0 - 7 - 3*x - 7*x**2 + 6*x**2. Calculate s(v).
-25
Let c be (-18)/(-14) - 20/70. Let w(j) be the first derivative of 7*j**2/2 - j - 85. Give w(c).
6
Let i be -18*1/((-26)/26 + (-6)/(-2)). Let k(l) = -l**3 - 10*l**2 - l + 13. Calculate k(i).
-59
Let p(o) = -2*o + 20*o**2 - 2*o**2 - 8*o**2 - 7*o**2 - 1 + o**3. Let s be 1/(5/2)*-20. Let l be s/16 + 10/(-4). Determine p(l).
5
Suppose 0 = 2*c + 96 - 102. Let s(n) = 4*n - 696 + 694 - 8*n**2 + n**c + 2*n. Suppose -3*o + 17 + 4 = 0. Calculate s(o).
-9
Let u(r) be the second derivative of 4*r**3/3 - 35*r**2/2 - 3792*r - 2. Give u(14).
77
Let v(n) = 34*n + 23*n - 53*n + 4. Give v(18).
76
Let f be 16/20*(-25)/(-10) - -2 - -4. Let s(n) = -n**3 + 6*n**2 + 16*n + 18. What is s(f)?
18
Let a(y) = -20*y**3 + y**2 - 2*y + 1. Let i be ((-1)/5 - (-6)/10)*5. Let o be (2*-4)/i*(-3)/(-6). Let w be (o/(-10))/((-7)/(-35)). Give a(w).
-20
Let x(g) be the first derivative of g**3/3 - 8*g**2 + 10*g - 1733. Calculate x(16).
10
Let o(u) = 1272*u + 163 - 423*u - 430*u - 424*u. Determine o(30).
13
Suppose 284*m = 283*m - 3. Let u(l) = l**2 + 3*l - 3. What is u(m)?
-3
Let n(o) = -2*o**2 + 58*o - 48. Let i be (-156)/(-2